ndreds digit of p?
4
Suppose 52422 = -13*v + 292766. What is the hundreds digit of v?
4
Let d(v) = 2*v**2 + 3*v - 33. Let j be (-652)/(-28) - 20/70. What is the tens digit of d(j)?
9
Let i(b) = 81*b - 17. Let x = -89 - -92. What is the hundreds digit of i(x)?
2
Let m = 34372 - 24496. What is the thousands digit of m?
9
Suppose 19*v - 7*v = 96. What is the tens digit of (-2 - (-9851)/21) + v/(-84)?
6
Let g = -2475 + 3661. Suppose 0 = -4*o + q + 2368, 2*o + 3*q - g = 4*q. What is the tens digit of o?
9
Suppose -7*v - 5 = -33. Suppose -4*d + 0*d - v*c + 656 = 0, -5*d + 3*c + 780 = 0. What is the hundreds digit of d?
1
Suppose 0 = 1650*q - 1643*q - 798. What is the thousands digit of (154/(-2))/((-6)/q)?
1
Let n(f) = -4*f - 8. Let v be n(-2). Suppose 0 = -2*c - 6*r + 2*r + 468, -4*c - 3*r + 931 = v. Let g = -120 + c. What is the units digit of g?
2
Let n = -220 - -222. Suppose 0 = -n*g + g + 5*w + 271, -4*g + w + 1141 = 0. What is the units digit of g?
6
Let y(x) = -988*x - 8 + 66*x**2 + 1 + 994*x. Let l be y(2). Suppose -l - 31 = -2*u. What is the tens digit of u?
5
Let j(u) = -6*u + 60. Let p be j(5). Suppose -p + 138 = 2*l. What is the tens digit of l?
5
Let b(n) = -n**3 - 5*n**2 - 7*n - 5. Let w(s) be the first derivative of s**2/2 + 15*s + 29. Let m be w(-22). What is the tens digit of b(m)?
4
Suppose -n + 2*q + 1348 = 0, -2*n - 1477 = 4*q - 4213. Suppose u + 342 = m, 28*u - 29*u + n = 4*m. What is the units digit of m?
0
What is the hundreds digit of (3 - (6 - -4)) + 5299?
2
Let r(p) = p - 2. Let f be r(21). Suppose -82 = -7*x - f. Suppose x*i - 73 - 935 = 0. What is the units digit of i?
2
Suppose 4*r = g - 24008, -188*g = -193*g + r + 119945. What is the units digit of g?
8
What is the thousands digit of ((-234468)/144)/((3/(-18))/(78/27))?
8
Let t = 838 + 4930. What is the hundreds digit of t?
7
Suppose -4*y = 6*t - t - 3560, -4*t - 3*y + 2849 = 0. Suppose 3*v = 5*b + 936, 5*b - 190 = -3*v + t. What is the hundreds digit of v?
3
Let s(i) = i**3 + 10*i**2 + 6*i + 26. Suppose 0 = -25*n - 15*n - 280. What is the units digit of s(n)?
1
Let r be 8 - (3 + (-3 - -2 - -1)). Suppose -h - v + 322 = 0, -h + 5*h + r*v = 1291. What is the units digit of h?
9
Suppose -91301 - 483877 = -34*v + 177548. What is the hundreds digit of v?
1
Let q = -2463 + 2433. Let u(s) = -2*s**3 - s**2 + 5*s + 2. Let p be u(-4). Let x = q + p. What is the units digit of x?
4
Let s(w) = 3*w**2 - 96*w - 89. What is the thousands digit of s(48)?
2
Let w be (1 + -5)*(-55)/44. Suppose -3*z = -n - 13, -3*z - z + w*n = -21. Suppose 4*v - 282 = -z*d + 22, -v = 4*d - 73. What is the units digit of v?
7
Suppose -13*k = 68 - 146. What is the thousands digit of 1*12/4*3056/k?
1
Let g(k) = -k**3 + 5*k**2 - 3*k + 5773. What is the thousands digit of g(0)?
5
Let k = 23 + -18. Suppose -5 - 30 = k*o. Let w(s) = s**2 - 11*s + 3. What is the units digit of w(o)?
9
Suppose -506 = i - 2*o, 6*o = 4*i + 3*o + 2049. What is the hundreds digit of i/(-1) + (10 - (1 - -4))?
5
Let f(i) be the first derivative of i**3/3 - 9*i**2/2 - 10*i - 8. Let r be f(10). What is the units digit of (-30)/15 - (r - 83)?
1
Suppose -11*m - 40*m = 71*m - 500932. What is the units digit of m?
6
Let a = 8596 - 3946. What is the tens digit of a?
5
Suppose 5*p - 170989 = y, 34435 = 3*p + 3*y - 68180. What is the tens digit of p?
9
Suppose -15*g = -14*g - 68. Let m = g - 68. Suppose m = 3*j - 6, j - 416 = -4*s + s. What is the units digit of s?
8
Let q(z) = 3*z - 22. Let s be q(8). Suppose 2*f - 16 = -s*f. What is the units digit of 77 + 1/(f/4)?
8
Suppose 4*c - 5 - 3 = 0. Let k be 4 + (2 - (6 - c)). Suppose 5*m - 341 = m - 3*r, -k*r - 243 = -3*m. What is the tens digit of m?
8
Let c(r) = -2*r**3 - r**2 - r - 1. Let q(d) = -545*d**3 - 6*d**2 - 5*d - 6. Let l(f) = -6*c(f) + q(f). What is the units digit of l(-1)?
2
Suppose 0 = -2*n - 3*n + 145. Suppose -170 + 2510 = 21*v - 6*v. Suppose -v = -t - n. What is the tens digit of t?
2
Let m be (-3)/(-2)*2598/9. Let c = -191 + m. What is the hundreds digit of c?
2
Let h(i) = i**3 + 13*i**2 + i - 6. Let x = -334 + 322. What is the tens digit of h(x)?
2
Suppose -4*p = -297 + 293. What is the units digit of 298/p + (-32)/8?
4
Suppose 0 = 4*l + 3*z - 11150, 5*z = 5*l - 4*l - 2799. Suppose 7867 + l = 12*a. What is the hundreds digit of a?
8
Let a = 51 + -166. Let m = a - -258. What is the hundreds digit of m?
1
Let r = -5232 + 3558. Let w = 2575 + r. What is the hundreds digit of w?
9
Let w = 1666 - -150. What is the tens digit of w?
1
What is the tens digit of ((-5)/(-2)*-1)/(190/(-253992))?
4
Let h = 14171 + -6650. What is the hundreds digit of h?
5
Suppose -45*n = -42*n - 27. Suppose 5*i = -2*l - 11, -5 = 3*l - 0*l - 4*i. What is the tens digit of (-1)/l - (-2364)/n?
6
Suppose -102*x + 724854 = -63*x. What is the tens digit of x?
8
Suppose 0 = 5*z - 1542 - 138. Let p be z + -2 + 2 + -3. What is the hundreds digit of ((-2)/(-2))/(3/p)?
1
Suppose -74*y + 3803573 = -692445. What is the ten thousands digit of y?
6
Let r(t) = t**2 - t. Let h be 0 + 2*1/(-2). Let l(m) = -22*m**2 + 3*m + 7. Let a(g) = h*l(g) - 5*r(g). What is the units digit of a(-3)?
0
Let q(v) = 12*v + 5628. What is the thousands digit of q(113)?
6
Let m(i) = i**2 + 3*i - 4. Let w be m(-4). Suppose -2*r + 6*r - 2*t = 0, w = -3*t + 12. What is the tens digit of ((-13)/r)/(-1 + (-75)/(-78))?
6
What is the ten thousands digit of 2061/(-2)*(-30272)/1584?
1
Let w(m) = -7 + 20 - 6 - 12 - m. Let y be w(-7). Suppose -5*p = y*b - 415, 2*b - 249 = -3*p - 3*b. What is the units digit of p?
3
Let b = 662 - 637. Suppose -b*t + 28*t - 294 = 0. What is the tens digit of t?
9
Let j = 3705 + -2030. Suppose 3*q + 5*x + j = 8*q, -3*x - 341 = -q. What is the tens digit of q?
3
Let i(u) = u**3 + 8*u**2 - 5*u + 3. Suppose -4*n = -10 + 18. Let g(y) = y**3 - 4*y - 6. Let p be g(n). What is the units digit of i(p)?
5
Let y(o) = -2591*o + 10979. What is the hundreds digit of y(-10)?
8
Suppose 0 = -369*a + 17653352 - 3115516 + 5558642. What is the thousands digit of a?
4
Suppose 70 = -r + 48. What is the units digit of (-6)/(528/(-3800)) + 4/r?
3
What is the thousands digit of (128/24*1)/(1/1095*1)?
5
Let h(o) = o**3 + 15*o**2 - 17*o - 10. Let s be h(-16). Let a(r) = 6*r**2 - 14*r + 20 + 2*r**2 - 3*r**2. What is the hundreds digit of a(s)?
1
What is the hundreds digit of (-3692)/(-52)*(-2 + 52 + 1)?
6
Let h = -696 - -3945. What is the tens digit of h?
4
Suppose 21*y = 3*y + 110600 + 248842. What is the hundreds digit of y?
9
Let m be ((1 - -1)*-2531)/(20/(-10)). What is the hundreds digit of m/9 + (8 - (-370)/(-45))?
2
Let s be 6/((6/4)/(3/4)). Suppose 3*o = 12, -2*i = -2*o + 1 + s. Suppose u + 0*u + 474 = i*k, 0 = 5*k - 5*u - 1185. What is the tens digit of k?
3
Let g be ((-3 + 0)*-1)/((-6)/(-868)). What is the units digit of (g/(-6))/((-2)/6)?
7
Let j be -1 - (6/(-8) - 9/4). Suppose -2*u = z - 392, -u + j*u + 774 = 2*z. What is the units digit of z?
8
Suppose 0 = -4*d - 86 + 90. Let k(x) = x**2 - 5*x + 6. Let u be k(4). What is the hundreds digit of ((-6)/d)/u*980/(-21)?
1
Let v be ((-216)/378)/(-1*(-2)/(-7)). Suppose h = 2*s + 46 + 24, v*s - 70 = -h. What is the tens digit of h?
7
Let n = 203 + 553. Suppose -67*m = -70*m + n. What is the hundreds digit of m?
2
Suppose 0 = -19*v + 13196 + 9737. What is the tens digit of v?
0
What is the tens digit of ((-137061)/(-12))/(288/384)?
2
What is the tens digit of (1000/30 + 2)*1203?
0
Let w(l) = -l**3 + 91*l**2 + 52*l - 201. What is the hundreds digit of w(87)?
5
Let b = -47 - -50. Suppose -l - b*l = 0. Suppose n = 3*m + 2*n - 176, l = -2*m + n + 119. What is the tens digit of m?
5
Suppose -2*u + 1590 = 8832. What is the tens digit of (-4)/(28/u) - 4/14?
1
Let d(q) = -q**3 - 6*q**2 + q + 17. Let n be d(-6). Let s = 8 - n. What is the units digit of (s + 7)/((-2)/(-25))?
0
Let o(f) = f**2 + 3*f**3 - 4 + 3*f - 8*f**3 - 2*f**2 + f**3. Let t be o(-4). Let n = 375 - t. What is the units digit of n?
1
Let b(v) = v**2 - 65*v + 16. Let x be b(20). Let o = -313 - x. What is the hundreds digit of o?
5
What is the units digit of 470269/76 + 1 + (-4)/(-16)?
9
Suppose -4*u = 4*i - 23388, 6*u - 9*u - 2*i = -17546. What is the tens digit of u?
5
Let w(k) = 3*k**2 - 51*k - 15. Suppose 1415 = 5*b + 2*u, -2*u + 264 